se -5*t = 4 - 44. Let b = 26 - t. Suppose 0 = -2*x - 0 + b. Calculate the highest common divisor of x and 9.
9
Let d(c) = -c - 8. Let a be d(-18). What is the highest common divisor of a and 2?
2
Let o be (-5 - -9)*102/(-8). Let a = -33 - o. What is the greatest common divisor of 6 and a?
6
Suppose 0 = -5*y - 5*r + 16 + 84, -8 = -y - 4*r. What is the greatest common factor of y and 6?
6
Let p = 75 - -9. Let t(g) = g + 6. Let r be t(-5). Let z be 1 - (-1)/(r/20). What is the highest common divisor of z and p?
21
Suppose 6*y - 11*y + 30 = 0. What is the greatest common divisor of 6 and y?
6
Let o = 11 - -1. Suppose -2*q + 6*q - c = 20, 8 = 5*q + 3*c. Calculate the highest common divisor of q and o.
4
Let x(m) = m**2 - 4*m - 1. Let z be x(6). Let p be (-1 + -1)*3/(-6). Calculate the highest common factor of z and p.
1
Suppose -12 - 28 = -5*g + 4*d, 0 = 5*g + d - 65. Let o(s) = 3*s**3 + 4*s**2 - 3*s. Let h be o(3). What is the highest common factor of g and h?
12
Suppose -3*p = 3*v - 30, 5*v - 53 = -4*p + 2*p. Let r = v - 2. Calculate the greatest common divisor of 99 and r.
9
Let v be 1/(-4) - 15/4. Let s = v + 1. Let n = 1 - s. What is the greatest common divisor of 20 and n?
4
Suppose -2*t + 6 + 16 = -s, -s = 3*t - 28. Let v = 37 + -19. Let r be 7299/81 - 2/v. What is the highest common divisor of t and r?
10
Let i(h) = h**3 - 2*h**2 + 3*h - 2. Let u be i(2). What is the greatest common divisor of u and 32?
4
Let i = 350 + -50. Calculate the greatest common divisor of i and 30.
30
Suppose 2*f = -f + 12. Calculate the highest common factor of 14 and f.
2
Suppose -91 = -4*s + 293. Let p be 10*(1 + (-49)/(-35)). What is the greatest common divisor of p and s?
24
Let f = 121 + -65. Let z be 8/36 + 56/(-9). Let d = z - -14. What is the greatest common factor of d and f?
8
Suppose 4*v = 45 + 3. What is the highest common factor of v and 24?
12
Let v(b) = 2*b**3 + b**2 - b. Let y be v(2). Calculate the highest common factor of 12 and y.
6
Let l = 7 + -3. Suppose -2*q - m = -16, 3*q + 26 = 4*q - l*m. What is the greatest common divisor of 4 and q?
2
Suppose 4*w + 55 = 3*w - 2*j, -5*j + 25 = 0. Let s be 6/(-6) + (-2 - w). Calculate the greatest common divisor of s and 31.
31
Let b(w) = 2*w**2 - 3*w - 18. Let v be b(9). What is the greatest common factor of v and 13?
13
Let i(p) = -p - 5*p - 3 - 2 - 3*p. Let d be i(-4). What is the highest common divisor of 124 and d?
31
Let m = 11 + -8. Suppose 25 = -m*y + 8*y. Let q(v) = 2*v + 1. Let i be q(12). What is the greatest common divisor of y and i?
5
Let i(a) = -a**3 - 8*a**2 - a - 7. Let l be i(-8). Let j be (-18)/12*14*l. Let z = -5 - j. What is the greatest common divisor of z and 24?
8
Let u = 2 - 2. Suppose u = k + k - 6. Let t be 97/k - (-4)/6. Calculate the highest common divisor of 3 and t.
3
Suppose 3*h = b + 43, -4*b - 4 = -0. Let m(k) = 15*k**2 - 3*k. Suppose -3 = -2*j + 3. Let n be m(j). Calculate the greatest common factor of h and n.
14
Suppose q = -q + 40. What is the greatest common divisor of q and 160?
20
Suppose 4*x - 2 + 14 = 0, 5*d = 3*x + 49. What is the highest common factor of d and 80?
8
Let y = -9 + 27. Calculate the greatest common factor of y and 2.
2
Suppose -108 + 39 = -3*n. Calculate the greatest common divisor of n and 161.
23
Let h(y) = -31*y + 17. Let s be h(-3). Calculate the highest common factor of 22 and s.
22
Suppose -23 = -3*m - a, -5*a = -1 - 24. What is the highest common factor of m and 48?
6
Suppose 9*l - 140 = 22. What is the greatest common divisor of l and 36?
18
Let l(m) be the second derivative of -m**3/6 - 3*m**2/2 - m. Let d be l(-5). Let b = -18 - -23. Calculate the highest common factor of b and d.
1
Let o = -78 + 93. Calculate the greatest common divisor of 10 and o.
5
Suppose -o + 8*o - 112 = 0. Calculate the greatest common divisor of 176 and o.
16
Suppose 0 = -14*y - 240 + 940. What is the greatest common divisor of 25 and y?
25
Let i be (-5)/(-15) - 2/6. Suppose i = y + 3 - 5. Let n = y + 8. Calculate the greatest common factor of n and 70.
10
Let r be (-3)/3 - (0 - -19). Let j be 5/r + (-2)/(-8). Let z = j - -2. What is the highest common divisor of z and 8?
2
Let s(u) = -11*u + 6. Let y be s(4). Let r = -14 - y. Suppose -4*m + r = -m. What is the highest common factor of 8 and m?
8
Suppose 2*h - 7*h + 300 = 0. Let v = h - 8. Suppose -25 - v = -j. What is the greatest common factor of j and 11?
11
Suppose 2*h + 3*h = -5, 3*u = -3*h + 39. What is the highest common divisor of 126 and u?
14
Let d(h) = -h**3 - 3*h**2 - h - 2. Let p be d(-2). Let s be -3 + p*(0 + -3). What is the highest common divisor of 3 and s?
3
Let z = -69 + 100. What is the greatest common divisor of z and 217?
31
Let j be 9*((-33)/(-15) + (-8)/40). Let d be 6/(-8) - 2/8. Let t be d - (0 - 254)/2. What is the highest common factor of t and j?
18
Let l = 4 - -3. Suppose 0 = d - 1 - 5. Let m be 1 + d + (-2 - -2). Calculate the highest common divisor of l and m.
7
Let h(p) = -79*p + 1. Let v be h(-5). Let d be (6/(-9))/((-2)/v). Let a be 2*5 - 10/(-5). What is the greatest common divisor of d and a?
12
Let g = 4 - 2. Suppose 225 = g*j - 5*x, 5*x + 146 = -5*j + 691. Suppose 3*s = 8*s - 110. What is the greatest common factor of j and s?
22
Let q(x) = x**3 + 5*x**2 - 3*x. Let m be q(-4). Suppose 5*y = 3*d - 39, 5*y + 21 = -2*d - d. Let s = 13 + y. Calculate the greatest common factor of s and m.
7
Let v = -19 + 49. Let r = 4 - 3. Let h(z) = 6*z**3 - z + 1. Let n be h(r). Calculate the greatest common factor of n and v.
6
Let n = -14 - -26. What is the greatest common factor of n and 24?
12
Let i(h) = 7*h - 2. Let z be i(8). Suppose 2*t - z = -t. Calculate the highest common divisor of 27 and t.
9
Let v = -47 + 68. Suppose 86 + 39 = 5*j. Let c = j + -11. What is the greatest common factor of c and v?
7
Let j = -217 - -546. Let d = j + -142. What is the highest common factor of 17 and d?
17
Suppose -2*g + 2104 = -0*g. Suppose -4*d + 68 = -g. Suppose -i = 4*i - d. What is the highest common divisor of i and 7?
7
Let t = 71 - -57. What is the greatest common divisor of 16 and t?
16
Suppose 4 = 2*h - 24. Suppose 7*o - 3*o = 2*f - 10, -2*f - 4*o = -18. Calculate the highest common factor of h and f.
7
Suppose -7*g = 5*d - 3*g - 66, 68 = 5*d + 2*g. Calculate the highest common factor of d and 35.
7
Suppose -39 = -3*x + 2*z - 3*z, -33 = -3*x + z. Let l be 65/3 - x/(-36). What is the greatest common divisor of 154 and l?
22
Suppose -15 = -5*z + 2*q, 5*z - 15 = -q - 2*q. Let s = -3 - -18. Suppose a + 0*a - s = 0. What is the greatest common factor of a and z?
3
Let k(r) = 2*r - 6. Let c(j) = 3*j - 7. Let h be -15*(-3)/(9/1). Let x(b) = h*k(b) - 4*c(b). Let f be x(-5). What is the highest common divisor of 2 and f?
2
Let j(l) = -l + 1. Let u be j(-2). What is the greatest common factor of 15 and u?
3
Let c = 15 + -7. Let r be 4/6 - (-335)/15. Suppose -4*y = -103 + r. Calculate the greatest common divisor of y and c.
4
Suppose -y + 0*w = 3*w - 166, -2*y - w = -317. Let m = y - 73. What is the highest common divisor of 12 and m?
12
Suppose r = 3*r - 4. Let l be (-282)/(-7) - r/7. Let g be 4/(-10) + 42/5. What is the highest common divisor of l and g?
8
Let b(l) = -l**3 - 7*l**2 + l + 8. Let w be b(-7). Calculate the greatest common factor of 9 and w.
1
Suppose 6*k + 0*k - 18 = 0. What is the highest common factor of k and 3?
3
Suppose -5*k + 99 = 19. Calculate the greatest common divisor of 32 and k.
16
Suppose 4*q - 2*q + 3*w = 48, 0 = -2*w. Calculate the greatest common divisor of q and 60.
12
Suppose -5*b = 5*d - 65, 7*d - 3*d - 36 = 4*b. Let j = 17 - d. Calculate the highest common factor of j and 30.
6
Let l be (-3)/(-15) - (-198)/(-15). Let y = 29 + l. What is the greatest common factor of 8 and y?
8
Let i be 3 + 3/9*-3. Calculate the greatest common divisor of 2 and i.
2
Let d(t) = -t + 22. Let l be d(0). What is the highest common factor of l and 176?
22
Suppose 7*a - 3*j + 22 = 3*a, 0 = -5*a - j - 18. Let t be 6/a - (-22)/4. What is the highest common divisor of t and 8?
4
Let u(r) = r**2 - 3*r + 15. Let x be u(6). Let d = 2 - -9. Calculate the greatest common divisor of d and x.
11
Let t(i) = i + 4. Let r be t(4). What is the highest common divisor of r and 2?
2
Let n(z) = 7*z**2 + 8*